
10
Calculate the remainder when 319 is divided by 83.
70
Calculate the remainder when 479 is divided by 45.
29
Calculate the remainder when 30397 is divided by 304.
301
What is the remainder when 808 is divided by 37?
31
Calculate the remainder when 50 is divided by 22.
6
Calculate the remainder when 204 is divided by 11.
6
What is the remainder when 317 is divided by 91?
44
What is the remainder when 65 is divided by 22?
21
Calculate the remainder when 28 is divided by 28.
0
What is the remainder when 7357 is divided by 64?
61
What is the remainder when 678 is divided by 57?
51
What is the remainder when 3917 is divided by 12?
5
What is the remainder when 1492 is divided by 125?
117
What is the remainder when 12637 is divided by 383?
381
What is the remainder when 36964 is divided by 7?
4
Calculate the remainder when 154 is divided by 20.
14
Calculate the remainder when 281 is divided by 25.
6
What is the remainder when 110 is divided by 36?
2
What is the remainder when 8214 is divided by 60?
54
Calculate the remainder when 419 is divided by 30.
29
What is the remainder when 506 is divided by 57?
50
Calculate the remainder when 2733 is divided by 119.
115
Calculate the remainder when 448 is divided by 97.
60
Calculate the remainder when 470 is divided by 15.
5
Calculate the remainder when 2711 is divided by 113.
112
Calculate the remainder when 92 is divided by 24.
20
Calculate the remainder when 1469 is divided by 35.
34
What is the remainder when 285 is divided by 98?
89
Calculate the remainder when 190 is divided by 24.
22
What is the remainder when 2727 is divided by 8?
7
What is the remainder when 2401 is divided by 92?
9
What is the remainder when 93 is divided by 36?
21
Calculate the remainder when 109 is divided by 11.
10
What is the remainder when 170 is divided by 43?
41
What is the remainder when 759 is divided by 253?
0
What is the remainder when 177 is divided by 42?
9
What is the remainder when 104 is divided by 27?
23
Calculate the remainder when 86 is divided by 20.
6
What is the remainder when 142 is divided by 28?
2
Calculate the remainder when 199 is divided by 56.
31
Calculate the remainder when 2968 is divided by 30.
28
Calculate the remainder when 14 is divided by 9.
5
What is the remainder when 335 is divided by 12?
11
Calculate the remainder when 355 is divided by 26.
17
Calculate the remainder when 55 is divided by 20.
15
What is the remainder when 1343 is divided by 84?
83
Calculate the remainder when 2420 is divided by 57.
26
Calculate the remainder when 4967 is divided by 18.
17
Calculate the remainder when 950 is divided by 28.
26
What is the remainder when 177 is divided by 46?
39
What is the remainder when 1096 is divided by 10?
6
What is the remainder when 135 is divided by 82?
53
Calculate the remainder when 2366 is divided by 148.
146
Calculate the remainder when 3231 is divided by 1075.
6
What is the remainder when 8269 is divided by 44?
41
What is the remainder when 277 is divided by 147?
130
What is the remainder when 2448 is divided by 43?
40
Calculate the remainder when 17532 is divided by 167.
164
What is the remainder when 100 is divided by 96?
4
What is the remainder when 1343 is divided by 192?
191
Calculate the remainder when 289 is divided by 74.
67
What is the remainder when 607 is divided by 282?
43
Calculate the remainder when 1243 is divided by 24.
19
What is the remainder when 272 is divided by 69?
65
What is the remainder when 942 is divided by 35?
32
What is the remainder when 142 is divided by 47?
1
Calculate the remainder when 482 is divided by 22.
20
Calculate the remainder when 33 is divided by 12.
9
What is the remainder when 224 is divided by 11?
4
What is the remainder when 645 is divided by 288?
69
Calculate the remainder when 195 is divided by 22.
19
What is the remainder when 252 is divided by 15?
12
What is the remainder when 27863 is divided by 258?
257
What is the remainder when 662 is divided by 23?
18
What is the remainder when 719 is divided by 48?
47
Calculate the remainder when 123 is divided by 26.
19
What is the remainder when 532 is divided by 215?
102
Calculate the remainder when 1187 is divided by 35.
32
What is the remainder when 892 is divided by 112?
108
Calculate the remainder when 665 is divided by 18.
17
What is the remainder when 251 is divided by 86?
79
Calculate the remainder when 209 is divided by 49.
13
What is the remainder when 476 is divided by 28?
0
Calculate the remainder when 192 is divided by 67.
58
What is the remainder when 667 is divided by 21?
16
Calculate the remainder when 50 is divided by 27.
23
Calculate the remainder when 557 is divided by 547.
10
Calculate the remainder when 445 is divided by 25.
20
Calculate the remainder when 35726 is divided by 203.
201
What is the remainder when 159 is divided by 42?
33
Calculate the remainder when 111 is divided by 98.
13
Calculate the remainder when 35 is divided by 13.
9
What is the remainder when 1367 is divided by 8?
7
What is the remainder when 394 is divided by 33?
31
What is the remainder when 1220 is divided by 36?
32
What is the remainder when 77 is divided by 31?
15
What is the remainder when 209 is divided by 30?
29
Calculate the remainder when 1707 is divided by 18.
15
Calculate the remainder when 204 is divided by 74.
56
What is the remainder when 26456 is divided by 270?
266
What is the remainder when 6933 is divided by 18?
3
Calculate the remainder when 1840 is divided by 12.
4
What is the remainder when 80 is divided by 20?
0
What is the remainder when 105 is divided by 54?
51
Calculate the remainder when 100 is divided by 5.
0
What is the remainder when 396 is divided by 50?
46
What is the remainder when 254 is divided by 91?
72
What is the remainder when 222 is divided by 32?
30
Calculate the remainder when 2057 is divided by 1017.
23
Calculate the remainder when 14 is divided by 5.
4
Calculate the remainder when 257 is divided by 37.
35
Calculate the remainder when 306 is divided by 31.
27
What is the remainder when 94 is divided by 19?
18
What is the remainder when 230 is divided by 13?
9
Calculate the remainder when 1943 is divided by 36.
35
Calculate the remainder when 499 is divided by 486.
13
What is the remainder when 1135 is divided by 59?
14
What is the remainder when 131 is divided by 70?
61
Calculate the remainder when 183 is divided by 182.
1
What is the remainder when 172 is divided by 49?
25
Calculate the remainder when 293 is divided by 20.
13
What is the remainder when 134 is divided by 35?
29
Calculate the remainder when 310 is divided by 112.
86
Calculate the remainder when 245 is divided by 60.
5
What is the remainder when 255 is divided by 22?
13
What is the remainder when 3334 is divided by 90?
4
Calculate the remainder when 218 is divided by 73.
72
What is the remainder when 644 is divided by 639?
5
Calculate the remainder when 13895 is divided by 72.
71
Calculate the remainder when 6970 is divided by 16.
10
Calculate the remainder when 537 is divided by 136.
129
What is the remainder when 11982 is divided by 112?
110
Calculate the remainder when 165 is divided by 17.
12
What is the remainder when 8279 is divided by 50?
29
What is the remainder when 394 is divided by 204?
190
What is the remainder when 1314 is divided by 11?
5
What is the remainder when 311 is divided by 40?
31
What is the remainder when 222 is divided by 50?
22
Calculate the remainder when 830 is divided by 16.
14
Calculate the remainder when 5445 is divided by 227.
224
What is the remainder when 727 is divided by 21?
13
What is the remainder when 362 is divided by 28?
26
What is the remainder when 2969 is divided by 90?
89
Calculate the remainder when 101 is divided by 80.
21
Calculate the remainder when 41 is divided by 33.
8
Calculate the remainder when 10629 is divided by 12.
9
What is the remainder when 2511 is divided by 65?
41
Calculate the remainder when 132 is divided by 41.
9
Calculate the remainder when 312 is divided by 15.
12
What is the remainder when 4 is divided by 2?
0
What is the remainder when 247 is divided by 33?
16
Calculate the remainder when 106 is divided by 46.
14
What is the remainder when 761 is divided by 6?
5
What is the remainder when 764 is divided by 13?
10
